at is the units digit of w?
3
Suppose 5*s - 2*f + 3*f - 4222 = 0, 3*s - 3*f = 2526. Suppose 318 = 2*g - s. What is the tens digit of g?
8
Suppose 0 = -2*j - 2*o + 47760, -10*o + 9*o - 119418 = -5*j. What is the ten thousands digit of j?
2
Suppose 6*o = -3*y + o + 29, o = 5*y - 39. Suppose 4*k - 4*c = 0, -2*k + 5*c - y = -k. What is the units digit of k*41/(-4)*-4?
2
Let z = -53 - 65. Let t = z - -509. What is the units digit of t?
1
Suppose k = 5*i - 114423, -1409*k + 22881 = i - 1411*k. What is the hundreds digit of i?
8
Suppose 179*m - 177*m = 214. Let t(a) = a**3 - 6*a**2 + 7*a - 5. Let o be t(5). Suppose -2*s + 126 = -o*p - 70, 0 = -s - 2*p + m. What is the tens digit of s?
0
Let r = 2 - 0. Suppose 0 = -7*o + 3*o + 2*v + 22, -2 = -2*v. What is the units digit of 255/o - (-1)/r?
3
Let q be 3/2*(-514)/3. Let u be 2586/(-18) - 0 - 12/9. Let z = u - q. What is the tens digit of z?
1
Suppose 0 = -114*r + 3873964 - 1508578. What is the tens digit of r?
4
Let i = 22205 + -12226. What is the thousands digit of i?
9
Let o(k) = 32*k**2 + 5*k + 41. Let m be o(6). Let b = -555 + m. What is the units digit of b?
8
Suppose 5*f + 6*v - 19874 = 0, 6898 = 4*f - 5*v - 9060. What is the tens digit of f?
8
Suppose -37*j + 3*j + 235280 = 0. What is the units digit of j?
0
Let m(l) = l**2 - l - 49. Let t be m(-7). Suppose -t*s = -4179 + 1127. What is the tens digit of s?
3
Suppose -72 = -14*d + 20*d. Let n be (0 + 0 - -3)*(-316)/d. Let q = -22 + n. What is the units digit of q?
7
Let b = -79 + 69. Let a be 28/5 - 5 - (-6)/b. Suppose 6 + a = 3*t, -t = 5*d - 477. What is the tens digit of d?
9
Let r(s) = -64*s - 214. Let t be r(-18). Suppose -t = -z - 0*z + 3*x, 4*z = 4*x + 3720. What is the units digit of z?
6
Suppose -197751 + 527894 = 142*u - 477411. What is the tens digit of u?
8
Let w = -9459 - -15602. What is the thousands digit of w?
6
Let h(b) = b**3 + 9*b**2 - 17*b - 15. Let s be h(-10). Let o = s - 50. What is the units digit of (54/9)/(o/(-8) - -1)?
6
Let r be (-10)/4*20/(-5). Suppose j = -5*z + 572, -z - r = 5*j - 110. Suppose -2*x = 3 - 5, -3*x + z = m. What is the hundreds digit of m?
1
Suppose 3*n = 1887 - 510. Suppose 3*g - 2*p - 4505 = -1033, 0 = 5*g - p - 5796. Suppose 2*x - 3*j = -0*j + n, -5*x + g = -5*j. What is the hundreds digit of x?
2
Suppose -18*w + 33 = -21*w. Let g(y) = y**2 + 5*y + 9. Let f be g(w). What is the tens digit of f - (4 - 2/1)?
7
Suppose 0 = -14*n + 5*n + 1602. Suppose 3*h = 3*c + 6*h - 264, 2*c + 3*h - n = 0. What is the units digit of c?
6
Suppose 0*v - 5*v + 35 = 0. Suppose -v*g + 5697 + 260 = 0. Let z = g - 591. What is the units digit of z?
0
Let g = -11611 + 22332. What is the ten thousands digit of g?
1
Let r(s) = -1374*s + 56690. What is the thousands digit of r(0)?
6
Let w(i) = -52*i + 14. Suppose 12 = 2*m - 6*m. Let z be w(m). Suppose 5*f + 316 = 3*q, 0 = 4*q - 2*f + z - 568. What is the tens digit of q?
9
Suppose 0 = -12391*g + 12371*g + 830540. What is the ten thousands digit of g?
4
Let l(r) = -3169*r - 72. Let o be l(-3). Suppose 0 = 10*s - 345 - o. What is the units digit of s?
8
Suppose 581*v - 585*v + 36132 = 0. What is the units digit of v?
3
Let d(w) = -w**3 - 11*w**2 + 4*w + 54. Let h be d(-11). Let t(q) = -q**3 + 10*q**2 + 14*q - 12. What is the units digit of t(h)?
8
Suppose 2*r = -5*j + 1266, -5*j + 3*r + 42 + 1209 = 0. What is the units digit of (-168)/j - 22/(-6)?
3
Let f be 55*(0 + 8/20). Suppose 0 = 5*y + f - 1502. Suppose -5*v - r + 370 = -0*r, -4*v - 2*r = -y. What is the tens digit of v?
7
Let o = 8790 + -5195. What is the hundreds digit of o?
5
Suppose 11*x - 4 = 150. Let v = -2 - -2. What is the tens digit of (2/7 - v) + 626/x?
4
Let a(f) = -326*f**3 + 10*f**2 + 47*f - 2. What is the units digit of a(-4)?
4
Let a = 14457 - 13698. What is the units digit of a?
9
Let r = 2972 - -5860. What is the units digit of r?
2
Let w(z) = -49*z + 3. Let h = -36 + 34. Let a be w(h). What is the units digit of a/5 + 1/(-5)?
0
Let d(f) = 106*f**2 - 31*f + 57. What is the ten thousands digit of d(10)?
1
Suppose -1179*q - 227164 = -590*q - 603*q. What is the ten thousands digit of q?
1
Suppose 4*z - 9211 + 64246 = 13*z. What is the thousands digit of z?
6
Let v be (-4)/(-24) - 38/12. Let b(h) = 79*h**2 - 17*h - 40. What is the units digit of b(v)?
2
Let g be -1*(-8)/(-12) - 34/3. Let q be 1929/12 - (-9)/g. Suppose -h - 62 = -q. What is the units digit of h?
8
Suppose u - 2534 = 6246. What is the thousands digit of u?
8
Let r = 5030 - 1364. What is the tens digit of r?
6
Let o(l) = 388*l - 3807. What is the thousands digit of o(54)?
7
Suppose 5*r + 5*h + 40 = 0, -7*r + h - 28 = -2*r. Let t(k) = -6*k - 8*k + 13*k + 1. What is the units digit of t(r)?
7
Let t be 6/(-8) - ((-220)/(-16))/(-5). Suppose -2*x - 550 = -m - t*m, -920 = -5*m + 4*x. Suppose -6*f - m = -648. What is the units digit of f?
8
Suppose 4*q + 5*s - 109 = 0, 3*q - 68 = s - 2*s. Suppose 0 = -2*k - 3*a + 741, 26*k - q*k = 3*a + 1884. What is the hundreds digit of k?
3
Let j = 388 - 256. Suppose -j = -2*q + 342. Suppose -4*w - w = 4*k - 312, 3*k + 3*w - q = 0. What is the tens digit of k?
8
Let b(u) = 2 + 0 - 1 + 7*u**3. Let f be (-3)/4*(-64)/48. What is the units digit of b(f)?
8
Let n be -4*12/(-16) - 1. Let q be (n + 251/3)*3. Suppose 313 + q = 5*s. What is the tens digit of s?
1
Let k be 17*1/3 + 2/(-3). Let a(m) = -6*m**2 + 10*m - 13. Let i(l) = 5*l**2 - 9*l + 14. Let o(t) = k*i(t) + 4*a(t). What is the tens digit of o(12)?
0
Let u = -21 + -59. Let x be (-2 - u/36) + (-2626)/(-9). Suppose -6*b - x = -10*b. What is the tens digit of b?
7
Let s = 10 + -40. What is the tens digit of (2800/s)/(1/(-3))?
8
Suppose 4*y = 2*y - 4. Let x be ((-358)/4 - y)*16/(-10). What is the hundreds digit of (x/(-21))/((-1)/(66/4))?
1
What is the thousands digit of 112926/10 + 2 + 7*18/(-210)?
1
Let y(l) = 625*l**2 + 66*l + 126. What is the thousands digit of y(-3)?
5
Let k be 2*(-18)/((-27)/3). Suppose -k*m - 4474 = -5*c, -5*m - 997 = -c - 98. What is the hundreds digit of c?
8
Let d = -44 - -31. Let h be ((-17)/(-2))/((-5)/(5 - 55)). Let k = d + h. What is the tens digit of k?
7
Let p be (0 + (-2)/(-3))/(6/63). Suppose -3*q = 3*q - p*q. Suppose -4*d = -0*z - 3*z + 386, q = 2*z - 3*d - 256. What is the hundreds digit of z?
1
Suppose 0 = -4*u - 4*z + 25 + 55, 0 = -4*u - 3*z + 85. Suppose -31*b - u = -36*b. Suppose -2*g - y - 141 = -5*g, 5*g = b*y + 245. What is the tens digit of g?
4
Suppose 27*v = 34*v + 19061. Let a = -1804 - v. What is the hundreds digit of a?
9
Suppose 0 = -3*g - 3*k - 142 - 56, -4*g - 5*k = 264. Let h = g - -424. What is the units digit of h?
8
Let p = 41 - -16. Suppose -2*v = -p - 87. Suppose -v = -4*k - 0*k. What is the units digit of k?
8
Let d = 303 - 308. What is the tens digit of (-402)/d + (-14)/175*5?
8
Let h be (1/(-1))/(5/(-25)). Suppose 0 = -h*x + 4*x + 72. Let y = x + -23. What is the units digit of y?
9
Let i(f) = -26*f - 6. Let a = -43 - -36. What is the hundreds digit of i(a)?
1
Let q = -857 + 850. Let i(w) = -263*w + 202. What is the tens digit of i(q)?
4
Suppose -3*d - 18*d = -6*d - 315195. What is the thousands digit of d?
1
Let v = 144 - -641. Suppose -163*k + 168*k - v = 0. What is the tens digit of k?
5
Let f(x) = -4*x**3 + 4*x**2 + 4. Let w be f(3). Let v = 68 + w. Suppose -4*b + 5*a + 503 = 0, v = a - 5*a - 12. What is the hundreds digit of b?
1
Let p = 2912 - 5064. Let u = 3409 + p. What is the units digit of u?
7
Let w(y) = -y**3 - 2*y**2 - 6*y - 3. Let u = 87 - 91. Let j be w(u). Suppose j*m = 59*m - 1092. What is the tens digit of m?
8
Let v = -66 + 70. Suppose -5*t = v*t + 54. What is the units digit of (t/8)/((3/12)/(-1))?
3
Let f = -95 - -92. What is the hundreds digit of 706/(f + 9 - 4)?
3
Suppose 109179 = 15*s - 28761. Suppose 12*c - s = 1952. What is the units digit of c?
9
Let o(d) be the third derivative of d**4/24 + d**3/2 - 5*d**2. Let n be o(-1). Suppose a = -a + n. What is the units digit of a?
1
Let j be (218/(-3))/((-2)/6). Suppose -x + 245 - 820 = 4*u, 2*u + 283 = -5*x. Let n = j + u. What is the units digit of n?
4
Suppose 5*s = o + 2*o - 21, -4*o = 3*s + 1. Let z = s + 13. Suppose z*c - 19 = 21. What is the units digit of c?
4
Let d(v) = v + 22. Let b be d(5). Suppose 4*y + b = 3. What is the unit